{"id":72,"date":"2010-07-28T20:24:38","date_gmt":"2010-07-28T20:24:38","guid":{"rendered":"http:\/\/spoldzielniastargard.pl\/?page_id=72"},"modified":"2018-06-19T21:24:31","modified_gmt":"2018-06-19T20:24:31","slug":"zasoby","status":"publish","type":"page","link":"https:\/\/spoldzielniastargard.pl\/?page_id=72","title":{"rendered":"Zasoby"},"content":{"rendered":"<p><strong>Osiedle Kluczewo-Lotnisko<\/strong><br \/>\nPowierzchnia mieszka\u0144 24 529,84 m2<br \/>\nPowierzchnia lokali u\u017cytkowych 139,90 m2<br \/>\nPowierzchnia gara\u017cy 45,90 m2<br \/>\nIlo\u015b\u0107 mieszka\u0144 528<br \/>\nIlo\u015b\u0107 budynk\u00f3w 16<\/p>\n<p><strong>Osiedle Letnie<\/strong><br \/>\nPowierzchnia mieszka\u0144 34 648,43 m2<br \/>\nPowierzchnia lokali u\u017cytkowych 1 899,41 m2<br \/>\nIlo\u015b\u0107 mieszka\u0144 602<br \/>\nIlo\u015b\u0107 budynk\u00f3w 19<\/p>\n<p>&nbsp;<\/p>\n<p><strong>Osiedle Pyrzyckie<\/strong><br \/>\nPowierzchnia mieszka\u0144 56 246,52 m2<br \/>\nPowierzchnia lokali u\u017cytkowych 1 112,51 m2<br \/>\nPowierzchnia gara\u017cy 51,10 m2<br \/>\nIlo\u015b\u0107 mieszka\u0144 946<br \/>\nIlo\u015b\u0107 budynk\u00f3w 26<\/p>\n<p><strong>Osiedle Chopina<\/strong><br \/>\nPowierzchnia zasob\u00f3w 65 189,69 m2<br \/>\nPowierzchnia lokali u\u017cytkowych 3120,65 m2<br \/>\nIlo\u015b\u0107 budynk\u00f3w mieszkalnych i mieszkalno-us\u0142ugowych- 24<br \/>\nIlo\u015b\u0107 budynk\u00f3w techniczno-us\u0142ugowych i gara\u017cowych- 4<br \/>\nIlo\u015b\u0107 mieszka\u0144: 1111<\/p>\n<p><strong>Osiedle Stare Miasto<\/strong><br \/>\nPowierzchnia zasob\u00f3w 146 345,04 m2<br \/>\nIlo\u015b\u0107 budynk\u00f3w 73 budynki oraz 1 Wsp\u00f3lnota Mieszkaniowa<br \/>\nIlo\u015b\u0107 mieszka\u0144 3027<br \/>\nPowierzchnia lokali u\u017cytkowych 4 161,09 m2<br \/>\nPowierzchnia gara\u017cy 1 386,27 m2<\/p>\n<p><strong>Osiedle Zach\u00f3d<\/strong><br \/>\nPowierzchnia mieszka\u0144 138 821,67 m2<br \/>\nPowierzchnia lokali u\u017cytkowych 3 276,40 m2<br \/>\nPowierzchnia gara\u017cy 985,02 m2<br \/>\nIlo\u015b\u0107 mieszka\u0144 2 710<br \/>\nIlo\u015b\u0107 budynk\u00f3w 18<\/p>\n<p>&nbsp;<\/p>\n","protected":false},"excerpt":{"rendered":"<p>Osiedle Kluczewo-Lotnisko Powierzchnia mieszka\u0144 24 529,84 m2 Powierzchnia lokali u\u017cytkowych 139,90 m2 Powierzchnia gara\u017cy 45,90 m2 Ilo\u015b\u0107 mieszka\u0144 528 Ilo\u015b\u0107 budynk\u00f3w 16 Osiedle Letnie Powierzchnia mieszka\u0144 34 648,43 m2 Powierzchnia lokali u\u017cytkowych 1 899,41 m2 Ilo\u015b\u0107 mieszka\u0144 602 Ilo\u015b\u0107 budynk\u00f3w 19 &nbsp; Osiedle Pyrzyckie Powierzchnia mieszka\u0144 56 246,52 m2 Powierzchnia lokali u\u017cytkowych 1 112,51 m2 [&hellip;]<\/p>\n","protected":false},"author":1,"featured_media":0,"parent":62,"menu_order":0,"comment_status":"closed","ping_status":"open","template":"","meta":{"footnotes":""},"class_list":["post-72","page","type-page","status-publish","hentry"],"_links":{"self":[{"href":"https:\/\/spoldzielniastargard.pl\/index.php?rest_route=\/wp\/v2\/pages\/72","targetHints":{"allow":["GET"]}}],"collection":[{"href":"https:\/\/spoldzielniastargard.pl\/index.php?rest_route=\/wp\/v2\/pages"}],"about":[{"href":"https:\/\/spoldzielniastargard.pl\/index.php?rest_route=\/wp\/v2\/types\/page"}],"author":[{"embeddable":true,"href":"https:\/\/spoldzielniastargard.pl\/index.php?rest_route=\/wp\/v2\/users\/1"}],"replies":[{"embeddable":true,"href":"https:\/\/spoldzielniastargard.pl\/index.php?rest_route=%2Fwp%2Fv2%2Fcomments&post=72"}],"version-history":[{"count":2,"href":"https:\/\/spoldzielniastargard.pl\/index.php?rest_route=\/wp\/v2\/pages\/72\/revisions"}],"predecessor-version":[{"id":12089,"href":"https:\/\/spoldzielniastargard.pl\/index.php?rest_route=\/wp\/v2\/pages\/72\/revisions\/12089"}],"up":[{"embeddable":true,"href":"https:\/\/spoldzielniastargard.pl\/index.php?rest_route=\/wp\/v2\/pages\/62"}],"wp:attachment":[{"href":"https:\/\/spoldzielniastargard.pl\/index.php?rest_route=%2Fwp%2Fv2%2Fmedia&parent=72"}],"curies":[{"name":"wp","href":"https:\/\/api.w.org\/{rel}","templated":true}]}}