{"id":357,"date":"2010-08-20T15:11:25","date_gmt":"2010-08-20T15:11:25","guid":{"rendered":"http:\/\/spoldzielniastargard.pl\/?page_id=357"},"modified":"2024-06-04T13:36:55","modified_gmt":"2024-06-04T12:36:55","slug":"dyzury","status":"publish","type":"page","link":"https:\/\/spoldzielniastargard.pl\/?page_id=357","title":{"rendered":"Dy\u017cury"},"content":{"rendered":"<div>\n<p align=\"center\"><b>Rada Nadzorcza Sp\u00f3\u0142dzielni Mieszkaniowej w Stargardzie <\/b><\/p>\n<p align=\"center\"><b>przyjmuje interesant\u00f3w w\u00a0pierwszy czwartek miesi\u0105ca\u00a0od godz. 16:00 do godz. 17:00 <\/b><\/p>\n<p align=\"center\">\n<\/div>\n<div><\/div>\n<p align=\"center\">*<\/p>\n<p align=\"center\"><b>Zarz\u0105d Sp\u00f3\u0142dzielni Mieszkaniowej w Stargardzie przyjmuje interesant\u00f3w<br \/>\nw ka\u017cdy czwartek w godz. 14:00 \u2013 15:00<br \/>\nw budynku Zarz\u0105du Sp\u00f3\u0142dzielni Os. Zach\u00f3d A7 sekretariat pok 110<\/b><\/p>\n<p align=\"center\">*<\/p>\n<p align=\"center\"><b>DY\u017bURY RAD OSIEDLI<\/b><b><\/b><\/p>\n<p align=\"center\"><b><span style=\"text-decoration: underline;\">Rada Osiedla Stare Miasto<\/span><\/b><\/p>\n<p align=\"center\"><b>&#8211; przyjmuje interesant\u00f3w w ka\u017cdy pierwszy czwartek miesi\u0105ca od godz. 15:00 do godz. 16:00<\/b><\/p>\n<p align=\"center\">*<\/p>\n<p align=\"center\"><b><span style=\"text-decoration: underline;\">Rada Osiedla Chopina <\/span><\/b><\/p>\n<p align=\"center\"><b>&#8211; przyjmuje interesant\u00f3w w ka\u017cdy pierwszy czwartek miesi\u0105ca w godz. 15.15 &#8211; 15.45<\/b><\/p>\n<p align=\"center\">*<\/p>\n<p align=\"center\"><b><span style=\"text-decoration: underline;\">Rada Osiedla Zach\u00f3d<\/span><\/b><b> <\/b><\/p>\n<p align=\"center\"><b>&#8211; przyjmuje interesant\u00f3w w pierwszy wtorek m-ca\u00a0 od godz. 16:00 do godz. 17:00<\/b><\/p>\n<p align=\"center\">*<\/p>\n<p align=\"center\"><b><span style=\"text-decoration: underline;\">Rada Osiedla Letnie<\/span><\/b><\/p>\n<p align=\"center\"><b>&#8211; przyjmuje interesant\u00f3w w pierwsz\u0105 \u015brod\u0119 miesi\u0105ca od godz. 16:00 do godz. 17:00<\/b><\/p>\n<p align=\"center\">*<\/p>\n<p align=\"center\"><b><span style=\"text-decoration: underline;\">Rada Osiedla Kluczewo &#8211; Lotnisko<\/span><\/b><\/p>\n<p align=\"center\"><b>&#8211; przyjmuje interesant\u00f3w w pierwszy czwartek miesi\u0105ca od godz. 15:00 do godz. 16:00<\/b><\/p>\n<p align=\"center\">*<\/p>\n<p align=\"center\"><b><span style=\"text-decoration: underline;\">Rada Osiedla Pyrzyckie<\/span><\/b><\/p>\n<p align=\"center\"><b>&#8211; przyjmuje interesant\u00f3w w pierwszy czwartek miesi\u0105ca od godz. 15:00 do godz. 16:00<\/b><\/p>\n<p align=\"center\">*<\/p>\n<h2 style=\"text-align: center;\"><span style=\"color: #3366ff;\">Dy\u017cury dzielnicowych na poszczeg\u00f3lnych Administracjach:<\/span><\/h2>\n<p><strong>Osiedle Zach\u00f3d<\/strong><br \/>\npierwszy i trzeci wtorek miesi\u0105ca od godz. 16.00 do godz. 18.00<br \/>\nw budynku Administracji Os.Zach\u00f3d A\/7, I pi\u0119tro, pok\u00f3j 407<\/p>\n<p><strong>Osiedle Letnie<\/strong><br \/>\npierwszy i ostatni poniedzia\u0142ek miesi\u0105ca od godz. 16.00 do godz. 18.30<br \/>\nul.Pogodna 8<\/p>\n<p><strong>\u00a0<\/strong><\/p>\n<p><strong>Osiedle Pyrzyckie<\/strong><br \/>\npierwszy i ostatni wtorek miesi\u0105ca od godz. 16.00 do godz. 18.30<br \/>\nw budynku Administracji Wierzy\u0144skiego 4C<\/p>\n","protected":false},"excerpt":{"rendered":"<p>Rada Nadzorcza Sp\u00f3\u0142dzielni Mieszkaniowej w Stargardzie przyjmuje interesant\u00f3w w\u00a0pierwszy czwartek miesi\u0105ca\u00a0od godz. 16:00 do godz. 17:00 * Zarz\u0105d Sp\u00f3\u0142dzielni Mieszkaniowej w Stargardzie przyjmuje interesant\u00f3w w ka\u017cdy czwartek w godz. 14:00 \u2013 15:00 w budynku Zarz\u0105du Sp\u00f3\u0142dzielni Os. Zach\u00f3d A7 sekretariat pok 110 * DY\u017bURY RAD OSIEDLI Rada Osiedla Stare Miasto &#8211; przyjmuje interesant\u00f3w w ka\u017cdy [&hellip;]<\/p>\n","protected":false},"author":1,"featured_media":0,"parent":0,"menu_order":0,"comment_status":"closed","ping_status":"open","template":"","meta":{"footnotes":""},"class_list":["post-357","page","type-page","status-publish","hentry"],"_links":{"self":[{"href":"https:\/\/spoldzielniastargard.pl\/index.php?rest_route=\/wp\/v2\/pages\/357","targetHints":{"allow":["GET"]}}],"collection":[{"href":"https:\/\/spoldzielniastargard.pl\/index.php?rest_route=\/wp\/v2\/pages"}],"about":[{"href":"https:\/\/spoldzielniastargard.pl\/index.php?rest_route=\/wp\/v2\/types\/page"}],"author":[{"embeddable":true,"href":"https:\/\/spoldzielniastargard.pl\/index.php?rest_route=\/wp\/v2\/users\/1"}],"replies":[{"embeddable":true,"href":"https:\/\/spoldzielniastargard.pl\/index.php?rest_route=%2Fwp%2Fv2%2Fcomments&post=357"}],"version-history":[{"count":7,"href":"https:\/\/spoldzielniastargard.pl\/index.php?rest_route=\/wp\/v2\/pages\/357\/revisions"}],"predecessor-version":[{"id":14335,"href":"https:\/\/spoldzielniastargard.pl\/index.php?rest_route=\/wp\/v2\/pages\/357\/revisions\/14335"}],"wp:attachment":[{"href":"https:\/\/spoldzielniastargard.pl\/index.php?rest_route=%2Fwp%2Fv2%2Fmedia&parent=357"}],"curies":[{"name":"wp","href":"https:\/\/api.w.org\/{rel}","templated":true}]}}