{"id":170,"date":"2010-07-28T23:05:21","date_gmt":"2010-07-28T23:05:21","guid":{"rendered":"http:\/\/spoldzielniastargard.pl\/?page_id=170"},"modified":"2014-01-24T10:33:54","modified_gmt":"2014-01-24T10:33:54","slug":"numery-telefonow","status":"publish","type":"page","link":"https:\/\/spoldzielniastargard.pl\/?page_id=170","title":{"rendered":"Numery telefon\u00f3w"},"content":{"rendered":"<p><strong>Administracja osiedla Kluczewo-Lotnisko<\/strong><br \/>\nAdministracja (91) 834 33 58<br \/>\ntel. kom. 608 463 434<\/p>\n<p><strong>Godziny Pracy<br \/>\n<\/strong><\/p>\n<p><strong>poniedzia\u0142ek, wtorek, \u015broda, pi\u0105tek w godz. <\/strong><strong>od 7<sup>00<\/sup> do 15<sup>00,\u00a0<\/sup> czwartek\u00a0 w godz. <\/strong><strong>od 8<sup>00<\/sup> do 16<sup>00<\/sup><\/strong><br \/>\n<strong>Wa\u017cne numery telefon\u00f3w<\/strong><br \/>\nPogotowie awaryjne (91) 573 43 51, kom. 509 339 639<br \/>\n(poza godzinami pracy Administracji)<\/p>\n<p><strong>Inne<br \/>\n<\/strong>TV Vectra Infolinia 801 08 01 80, z tel. kom. 587 426 700<br \/>\nPogotowie gazowe 992<br \/>\nPogotowie cieplne 993<br \/>\nPogotowie wodno-kanalizacyjne (91) 578 35 80<br \/>\nStra\u017c Miejska 986<br \/>\nPolicja 997 lub 112 z tel. kom.<br \/>\nStra\u017c Po\u017carna 998<\/p>\n","protected":false},"excerpt":{"rendered":"<p>Administracja osiedla Kluczewo-Lotnisko Administracja (91) 834 33 58 tel. kom. 608 463 434 Godziny Pracy poniedzia\u0142ek, wtorek, \u015broda, pi\u0105tek w godz. od 700 do 1500,\u00a0 czwartek\u00a0 w godz. od 800 do 1600 Wa\u017cne numery telefon\u00f3w Pogotowie awaryjne (91) 573 43 51, kom. 509 339 639 (poza godzinami pracy Administracji) Inne TV Vectra Infolinia 801 08 [&hellip;]<\/p>\n","protected":false},"author":1,"featured_media":0,"parent":168,"menu_order":0,"comment_status":"closed","ping_status":"open","template":"","meta":{"footnotes":""},"class_list":["post-170","page","type-page","status-publish","hentry"],"_links":{"self":[{"href":"https:\/\/spoldzielniastargard.pl\/index.php?rest_route=\/wp\/v2\/pages\/170","targetHints":{"allow":["GET"]}}],"collection":[{"href":"https:\/\/spoldzielniastargard.pl\/index.php?rest_route=\/wp\/v2\/pages"}],"about":[{"href":"https:\/\/spoldzielniastargard.pl\/index.php?rest_route=\/wp\/v2\/types\/page"}],"author":[{"embeddable":true,"href":"https:\/\/spoldzielniastargard.pl\/index.php?rest_route=\/wp\/v2\/users\/1"}],"replies":[{"embeddable":true,"href":"https:\/\/spoldzielniastargard.pl\/index.php?rest_route=%2Fwp%2Fv2%2Fcomments&post=170"}],"version-history":[{"count":0,"href":"https:\/\/spoldzielniastargard.pl\/index.php?rest_route=\/wp\/v2\/pages\/170\/revisions"}],"up":[{"embeddable":true,"href":"https:\/\/spoldzielniastargard.pl\/index.php?rest_route=\/wp\/v2\/pages\/168"}],"wp:attachment":[{"href":"https:\/\/spoldzielniastargard.pl\/index.php?rest_route=%2Fwp%2Fv2%2Fmedia&parent=170"}],"curies":[{"name":"wp","href":"https:\/\/api.w.org\/{rel}","templated":true}]}}