{"id":11589,"date":"2017-03-07T21:59:04","date_gmt":"2017-03-07T20:59:04","guid":{"rendered":"http:\/\/spoldzielniastargard.pl\/dokumenty\/?page_id=10275"},"modified":"2017-06-02T16:41:41","modified_gmt":"2017-06-02T16:41:41","slug":"witamy","status":"publish","type":"page","link":"http:\/\/spoldzielniastargard.pl\/dokumenty\/","title":{"rendered":"Start"},"content":{"rendered":"<h4>Witamy w cz\u0119\u015bci przeznaczonej wy\u0142\u0105cznie dla cz\u0142onk\u00f3w Sp\u00f3\u0142dzielni w Stargardzie.<\/h4>\n<p>strona zawiera:<br \/>\n&#8211; dokumenty<br \/>\n&#8211; Sprawozdania, protoko\u0142y Rady Nadzorczej<br \/>\n&#8211; Sprawozdania, protoko\u0142y Rad osiedli<br \/>\n&#8211; Sprawozdania, protoko\u0142y Zarz\u0105du SM w Stargardzie<\/p>\n<hr \/>\n<p>W celu zalogowania prosz\u0119 w polu login wpisa\u0107 nr cz\u0142onkowski , w polu has\u0142o (otrzymane has\u0142o)<\/p>\n","protected":false},"excerpt":{"rendered":"<p>Witamy w cz\u0119\u015bci przeznaczonej wy\u0142\u0105cznie dla cz\u0142onk\u00f3w Sp\u00f3\u0142dzielni w Stargardzie. strona zawiera: &#8211; dokumenty &#8211; Sprawozdania, protoko\u0142y Rady Nadzorczej &#8211; Sprawozdania, protoko\u0142y Rad osiedli &#8211; Sprawozdania, protoko\u0142y Zarz\u0105du SM w Stargardzie W celu zalogowania prosz\u0119 w polu login wpisa\u0107 nr cz\u0142onkowski , w polu has\u0142o (otrzymane has\u0142o)<\/p>\n","protected":false},"author":1,"featured_media":0,"parent":0,"menu_order":0,"comment_status":"closed","ping_status":"closed","template":"","meta":{"footnotes":""},"class_list":["post-11589","page","type-page","status-publish","hentry"],"_links":{"self":[{"href":"http:\/\/spoldzielniastargard.pl\/dokumenty\/index.php?rest_route=\/wp\/v2\/pages\/11589","targetHints":{"allow":["GET"]}}],"collection":[{"href":"http:\/\/spoldzielniastargard.pl\/dokumenty\/index.php?rest_route=\/wp\/v2\/pages"}],"about":[{"href":"http:\/\/spoldzielniastargard.pl\/dokumenty\/index.php?rest_route=\/wp\/v2\/types\/page"}],"author":[{"embeddable":true,"href":"http:\/\/spoldzielniastargard.pl\/dokumenty\/index.php?rest_route=\/wp\/v2\/users\/1"}],"replies":[{"embeddable":true,"href":"http:\/\/spoldzielniastargard.pl\/dokumenty\/index.php?rest_route=%2Fwp%2Fv2%2Fcomments&post=11589"}],"version-history":[{"count":2,"href":"http:\/\/spoldzielniastargard.pl\/dokumenty\/index.php?rest_route=\/wp\/v2\/pages\/11589\/revisions"}],"predecessor-version":[{"id":11771,"href":"http:\/\/spoldzielniastargard.pl\/dokumenty\/index.php?rest_route=\/wp\/v2\/pages\/11589\/revisions\/11771"}],"wp:attachment":[{"href":"http:\/\/spoldzielniastargard.pl\/dokumenty\/index.php?rest_route=%2Fwp%2Fv2%2Fmedia&parent=11589"}],"curies":[{"name":"wp","href":"https:\/\/api.w.org\/{rel}","templated":true}]}}